 = -160 - b. Calculate the greatest common divisor of h and 256.
32
Let u be (-200)/(-70) + -3 - 6219/(-21). Let q be 44/6 - (-28)/42. Calculate the highest common divisor of q and u.
8
Suppose 5*z + 2377 + 292 = 2*t, 0 = -t - 4*z + 1354. What is the greatest common divisor of t and 22?
22
Let l be 6*((-11)/6 + 20/(-30)). Let j be 1/((1/8)/(l/(-4))). Let o = -79 + 85. What is the highest common divisor of o and j?
6
Let t(z) = 11*z**2 - 92*z + 39. Let b be t(8). Let o = 77 - 21. What is the highest common factor of o and b?
7
Suppose -17*d + 20 = -16*d. Let k be (-7)/(7/d)*-19. What is the highest common divisor of 76 and k?
76
Let w be (-29)/319 + (-4178)/22. Let c = 210 + w. Calculate the highest common divisor of c and 40.
20
Let i be (1 - (-3)/(-9))/2 - 628371/(-81). What is the greatest common factor of 18 and i?
18
Suppose 15*z = 12*z + 42. Suppose 7 = -3*g - z. Let w = 39 + g. Calculate the greatest common factor of w and 4.
4
Suppose 6*x + 5*s + 1 = 8*x, x + s = 11. Suppose -9*v + x + 172 = 0. Calculate the highest common divisor of v and 10.
10
Let k(t) = t**3 + t**2 - t + 36. Let w be k(0). Let m be (-26)/(-6) - (-24)/w. Calculate the highest common factor of m and 5.
5
Let b be (28/12)/(-2*4/288). Let o be 115/4 - 21/b. Let k be o/5 - ((-58)/(-10) + -5). Calculate the greatest common divisor of 55 and k.
5
Let d = 170 + 54. What is the greatest common factor of 4284 and d?
28
Suppose -2*t + 420 = -2*a, -4*t + 315 = 5*a - 462. Calculate the highest common divisor of 259 and t.
7
Suppose -5*v - 29 = 2*j - 101, 5*v - 164 = -4*j. Suppose -2323 = -5*r - 4*w - 717, -1289 = -4*r + w. What is the highest common factor of j and r?
46
Let r(j) = -6*j**2 - 127*j + 3. Let h be r(-21). What is the greatest common divisor of h and 7576?
8
Suppose 5*k + 2*s - 1034 = 210, -4*s = 2*k - 504. Suppose z = 4*d - 122, -12*d + 7*d + 157 = z. What is the greatest common factor of d and k?
31
Let p = -499 + 505. Suppose -46*n = -p*n - 1280. Calculate the highest common factor of n and 40.
8
Let y = 38 + -25. Let a = y + 0. Let x(q) = q**2 - 8*q + 7. Let t be x(14). Calculate the greatest common divisor of a and t.
13
Suppose 2*f + 2*h - 6 = 0, f + 0*f - h = -3. Suppose f = -3*x + 31 + 14. Suppose -117*w - 11*w = -19200. Calculate the greatest common divisor of w and x.
15
Let h(p) = p**3 + 61*p**2 - 492*p + 137. Let n be h(-68). Calculate the highest common factor of 275 and n.
25
Let y = 1773 + -1745. Suppose -4*b + 2*m + 2 = 0, -4*b - 7*m + 2*m = -37. Suppose -b*l - l = -280. Calculate the highest common factor of l and y.
14
Let y(q) = -115*q + 261. Let i be y(2). What is the greatest common factor of 93 and i?
31
Suppose 0 = -j - 5*f + 24 - 2, 5*f = -10. Suppose j*t - 303 - 1009 = 0. Calculate the highest common divisor of 41 and t.
41
Suppose 5*u - 46 = 229. Let s = 60 - u. Suppose v = 2*b - 639, s*v = 4*b - 6*b + 633. Calculate the highest common factor of 29 and b.
29
Suppose -47 - 1465 = -4*g. Calculate the greatest common factor of g and 546.
42
Let z(x) = 11*x**2 - 9*x + 1. Let p be z(-6). Let m = p - 445. Calculate the greatest common divisor of m and 111.
3
Suppose 0 = -4*h + 16*a - 15*a + 1633, 3*h - 1220 = -4*a. What is the greatest common factor of h and 108?
12
Suppose -5*i - 4*r + 65 = 0, 11*i - 7*i - 52 = -r. Let n be 2*(21/(-6))/7. Let t be n/((15/78)/(-5)). Calculate the highest common divisor of i and t.
13
Let t be 3/5 + (-126)/10. Let a be ((-28)/(-21))/((-1)/t). Let d be 13/(-78) + 1156/24. Calculate the greatest common factor of a and d.
16
Let d(a) = -7*a**2 - 3*a - 1. Let w be d(-1). Let i = w + 5. Suppose -5*g = -i*g - 155. What is the highest common factor of 279 and g?
31
Let m be 17 - (1 + 0 + -4). Suppose -7*z - m = -12*z. Suppose -z*r = 3*b - 0*r - 118, 4*b - 166 = -r. What is the highest common divisor of b and 6?
6
Let u be ((-132)/88)/((-3)/46). Suppose -4*f - 28 = 5*y - 7, -2*f - u = 5*y. Calculate the greatest common factor of 1 and f.
1
Let q = -427 + 223. Let l = 224 + q. Calculate the highest common divisor of 400 and l.
20
Let p = 144 + -140. Suppose 4*o + 17 = -k, 0 = -3*k + 6*k + p*o + 11. What is the greatest common divisor of 96 and k?
3
Suppose 197 = 12*s - 175. Let a(n) = 12*n + 332. Let g be a(s). What is the highest common divisor of 128 and g?
64
Let z = -22124 + 22130. Calculate the greatest common factor of z and 2874.
6
Let m = -104 + 152. Suppose 3*w = -4*j + 747, -391 = 32*j - 34*j + w. Calculate the highest common divisor of j and m.
48
Let u(r) = -3*r + 3175. Let z be u(-65). Calculate the greatest common factor of 5 and z.
5
Let v = -8766 - -17796. Calculate the highest common factor of v and 42.
42
Let c be (-9)/45*1*5 - 80. Let x be ((-40)/7)/(c/2268). Calculate the highest common factor of x and 128.
32
Let u = 8517 + 3413. Calculate the greatest common divisor of u and 10.
10
Suppose 4*h + h = 0. Suppose o - 3*y = 2, y + h = o - 2. Let f = -562 - -570. Calculate the highest common factor of f and o.
2
Suppose 4*i = -16, q - 2*i = -3*q + 13408. What is the highest common factor of q and 268?
134
Let k = 16005 - 14940. Calculate the greatest common factor of k and 240.
15
Suppose 142 - 648 = -46*z. Let h = -13 + 22. Suppose 0 = -2*y + 7*o - 3*o + 56, -h = 3*o. What is the highest common divisor of y and z?
11
Suppose -3*s = -u + 4405, 48 - 13215 = -3*u - 3*s. Calculate the greatest common divisor of 69 and u.
23
Let z be 98 + (21/(-35))/(27/90). Suppose -5*y = -20, 0 = -4*x + 3*x - 3*y + 132. Calculate the highest common factor of x and z.
24
Let m(p) = -8*p + 5. Let t be m(-5). Let h be (4 + 1 + -131)*-1*(-16)/(-32). Calculate the highest common divisor of h and t.
9
Suppose 24 = -2*k + k. Let g = -13 - k. Let r(u) = -u**2 - 259*u + 55. Let i be r(0). What is the highest common factor of g and i?
11
Let n = -14554 + 15071. What is the highest common divisor of 187 and n?
11
Let d = 1909 - 1691. Suppose 6*x - 13 + 1 = 0. What is the highest common factor of x and d?
2
Suppose -2778 = -5*n - 4*s, 1106 = n + n - s. Let q = -302 + n. What is the greatest common factor of q and 84?
84
Suppose -6 + 2 = -2*a. Suppose 0 = -2*s + 8 - a. Let r be 3 + (-67)/s*-3. What is the greatest common factor of r and 14?
14
Let a = -8061 + 8207. Calculate the highest common divisor of a and 16717.
73
Let f(a) be the first derivative of -7*a**4/4 - a**3/3 + a**2/2 - 2*a + 9. Let j be f(-2). Let l = 4 + 2. Calculate the greatest common divisor of j and l.
6
Suppose -42 = -m - 4*r + 10, -3*m = 5*r - 149. Suppose 2*z + 190 = 21*z. Suppose 576 = z*n - 144. What is the greatest common factor of n and m?
24
Suppose -4*v - 46 = 5*l, 0 = 5*l + 7*v - 11*v + 14. Let s be (-48)/(-3) - (0 + l). What is the highest common factor of 2 and s?
2
Suppose 643 + 259 = 11*w. Let b = w + 23. What is the greatest common divisor of b and 168?
21
Suppose -59287 = -15*l + 2*l - 4934. What is the highest common factor of l and 111?
37
Let n = -318 - -4078. What is the greatest common factor of n and 80?
80
Suppose -3*w = -4*f - 4624, 0*w + 4618 = 3*w + 2*f. Suppose -8*r + 1540 = -3*r - 4*a, 5*a - w = -5*r. What is the highest common factor of 110 and r?
22
Let q(z) = 28*z**2 + 22*z + 322. Let t be q(-11). Calculate the greatest common factor of t and 34.
34
Suppose 2*f - f = -3*r - 13, -4*f - 8 = r. Let c be (f - -1)/(-2) - (-237 - -28). What is the highest common divisor of c and 19?
19
Let y be 4/20 + (-318)/(-10). Let p be -12*(-12)/864 - 8061/(-18). Suppose 0 = -y*a + 28*a + p. What is the greatest common divisor of 16 and a?
16
Let c be (-38)/(-608)*-300*8/(-6). What is the highest common divisor of c and 670?
5
Let j(p) = 11*p - 86. Let y be j(8). What is the greatest common factor of 199 and y?
1
Let q(k) = 263*k - 139*k - 85*k + 2*k**2 + 27. Let d be q(-20). Calculate the highest common factor of d and 517.
47
Suppose 0 = 4*p - 5*z + 2176, 13*z = 10*z. Let n = p - -559. Calculate the greatest common factor of n and 285.
15
Suppose 3*m - m - 138 = 0. Let d be 2/13 - 12768/(-2184). What is the greatest common divisor of d and m?
3
Let o be (2 - -2) + (3 - (2 - -9)). Let z be (-3 + 26)/((-2)/o). Calculate the highest common factor of 874 and z.
46
Let d(h) be the third derivative of -h**5/60 - 11*h**4/24 + 7*h**3/3 + 21*h**2. Let x be